/16). Let s = -6 + d. Let p = 8 - s. What is the units digit of p?
6
Suppose 5*c = -3*h + 2*h + 147, -c + h = -27. What is the units digit of c?
9
Let a be (-4)/(-10) + (-18)/(-5). Suppose 14 = a*t - 14. What is the units digit of t?
7
Let w(r) = r**2 + 6*r + 5. Let g be w(-4). Let x(b) = 5*b - 4. Let k(a) = 6*a - 5. Let n(p) = 3*k(p) - 4*x(p). What is the units digit of n(g)?
7
Let y(c) = -c**3 + c**2 + c + 2. Let p = -2 + 2. Let z be y(p). Let h = 12 - z. What is the tens digit of h?
1
Let v(z) = z**3 + 4*z**2 - 4*z + 4. Let k be v(-4). What is the units digit of ((-8)/k)/(1/(-10))?
4
Suppose o = 4*o - 57. Let j = o + -10. What is the units digit of j?
9
Let v(r) = 3*r - 4. Let s(i) = i**2 - 5*i + 6. Let x be s(5). Suppose -4*l = -2*l - x. What is the units digit of v(l)?
5
Let o be ((-15)/(-6) - 2)*6. Let t = o - 3. What is the units digit of 1 + t - (-1 - 1)?
3
Let o(k) = -3*k + 66. What is the units digit of o(0)?
6
Suppose -4*l + 0 = 20, 0 = 3*k + 3*l + 15. Let g be k*(-1 + -2)/3. Suppose -3*v + 4*d = -26, 9 = -3*v - 3*d - g*d. What is the units digit of v?
2
Let l(x) = 2*x**2 - 14*x + 13. What is the tens digit of l(10)?
7
Suppose -2*j - 40 - 4 = 0. Let v(i) = i**3 - 5*i**2 - 8*i + 9. Let m be v(6). What is the tens digit of -2 + -3 + (m - j)?
1
What is the units digit of 3288/27 - (-4)/18?
2
Let o = 12 + -5. What is the units digit of o?
7
Suppose 0 = -o - 4*j - 55, 0 = -3*o - o + j - 220. Let n = -35 - o. What is the units digit of n?
0
Let h(y) = -4*y**3 - 5*y**2 + 6*y + 8. Let o(n) = 11*n**3 + 15*n**2 - 19*n - 24. Let a(d) = 8*h(d) + 3*o(d). What is the units digit of a(-6)?
0
Suppose 0*o - 2*o = -6. Suppose -o*q = q. What is the units digit of (q + 0)*1 + 10?
0
Let c(p) = 4*p**2 + 16*p + 19. What is the units digit of c(-10)?
9
Let o(m) = -m**2 - 11*m + 6. Let t = -33 + 22. What is the units digit of o(t)?
6
Let n(w) = -w**3 + w + 2. Let k = -1 + -1. What is the units digit of n(k)?
8
Let i(f) = -3 - 2*f + 3*f - 1 - 3*f + f**3 + 12*f**2. What is the units digit of i(-12)?
0
Let j = -2 - -3. What is the tens digit of j + (10 - 0/3)?
1
Let f = 23 + -13. Let n be -2 + 5/(f/18). Suppose -2*b + n*b = 80. What is the units digit of b?
6
Suppose 0 = -7*b + 2*b. Suppose -8*j + 13*j - 145 = b. What is the units digit of j?
9
Let w be (-3 + 10)*(1 - 2). Let v = w - -7. Let z = v + 3. What is the units digit of z?
3
Let r be (0 - 2)*(-3)/(-6). Let x = -3 - r. What is the units digit of -1*(-9)/x*-2?
9
Let r(o) = o**3 + 13*o**2 + 8*o - 17. Let f be r(-12). Let l = -2 + f. What is the units digit of l?
9
Let q(w) = w**3 + 2*w + 2. Let o(g) = 4*g**3 + g**2 + 6*g + 6. Let a(x) = 2*o(x) - 7*q(x). What is the units digit of a(-2)?
2
Let h(v) = 26*v - 11. What is the units digit of h(3)?
7
What is the tens digit of 4/18 - (-788)/18?
4
Let m be (20/(-30))/(4/(-6)). What is the units digit of (3 - m)/(-2) + 17?
6
Let x = -7 + 12. Suppose -3*q = 35 - x. Let w(y) = -y + 8. What is the tens digit of w(q)?
1
Let l(u) = 2*u**2 + 11*u - 8. What is the units digit of l(-8)?
2
Let p = 21 + 4. What is the tens digit of p?
2
Let l be (-2)/(-9) + (-6)/27. Suppose 2*w + 0*w = l. What is the units digit of 8/((w + 1)/1)?
8
Let m(b) = -6*b - 5. Let z be m(5). Let c = z - -53. What is the tens digit of c?
1
Let k(c) = -29*c - 2. Let p be k(-2). Suppose 4*h + 0*h + p = 0. What is the tens digit of 2*h/8*-4?
1
Suppose 34 + 104 = y. What is the units digit of y?
8
Suppose 0*d - d = 0. Let x be 0/(-2) + 0/(-4). Suppose x*k - 3*r = k + 14, d = -5*r - 25. What is the units digit of k?
1
Suppose -4*u = -4*g - 2*u + 4, 0 = -4*g - 5*u + 4. What is the units digit of g?
1
Suppose 5*j - 152 = j. What is the units digit of j?
8
Let h = -63 + 109. What is the units digit of h?
6
Suppose -12*z = -13*z + 184. What is the units digit of z?
4
Suppose 62 = 2*s + i, 3*s + 2*s - 148 = i. What is the units digit of s?
0
Suppose -z + 2*z = -20. What is the units digit of 5/(z/36)*-1?
9
Let u(r) = r + 4. Let t be u(0). Suppose t*h - 8 - 4 = 0. What is the units digit of h?
3
Let u be (-39)/(-12) + 4/(-16). Suppose -54 = -u*x + 27. What is the tens digit of x?
2
Let d(c) = -7*c - 3. What is the units digit of d(-3)?
8
Let k be (1 + -2)*0 + 11. Suppose 3*x - k - 13 = 0. What is the units digit of x?
8
Suppose 6 - 18 = 3*j - 3*c, 4*c = 3*j + 14. What is the tens digit of j*(135/(-2))/5?
2
Suppose 0 = 4*j - 6*j - 4. Let c(g) = -g. Let d be c(j). Let m(t) = t**2 - 1. What is the units digit of m(d)?
3
What is the tens digit of 18/(5*(-8)/(-140))?
6
Let v be 3 - (-1 + (1 - 0)). Suppose 4*y + v*m - 3 = 1, 5*y = m + 24. Suppose y*n = -3*l + 4, -3*n + 0*n = l - 8. What is the units digit of n?
4
Let i(l) = -l - 4. Let h be i(-10). What is the tens digit of (27/h)/(6/56)?
4
Let m(w) = w**2 + w - 2. Let n be m(2). Let s(v) = v**2 - 7*v + 6. Let a be s(n). What is the units digit of ((-24)/a)/(1/4)?
6
Suppose -3*t - 5*c = -170, -t - c + 2*c + 62 = 0. Suppose 3*d + 100 = 4*v - d, 4*d = 2*v - t. What is the tens digit of v?
2
Suppose 4*h - 104 = 3*s, -111 = -5*h - 5*s + 4*s. What is the tens digit of h?
2
Let w be (-24)/(1 - -2) - 2. What is the units digit of w*(5 + -3 + -3)?
0
Let s(z) be the first derivative of -z**2/2 + 17*z - 2. Let h(c) = 3*c**2 - 4*c + 3. Let q be h(2). What is the tens digit of s(q)?
1
Let f be ((-28)/3)/((-4)/(-30)). What is the units digit of 6/5*f/(-4)?
1
Let m = 0 - 0. Let j = 2 - m. What is the units digit of (-3)/(-6)*j*5?
5
Let n be 29/4 + (-8)/32. Suppose -4*c + 5 = -n. Suppose 4*r - 3*t - 39 = c, 1 = -r - 5*t. What is the units digit of r?
9
Suppose -4 - 3 = p. Let c(d) = -d + 2. Let a be c(p). What is the units digit of -1*(1 - a/1)?
8
Suppose 4*m = 8 + 12. Let u be (4/(-10))/((-1)/m). What is the tens digit of u/(-3) + (-105)/(-9)?
1
Let p = -286 - -434. What is the units digit of p?
8
What is the tens digit of (-174)/(-3) - (-6 - -9)?
5
Suppose 3*b + 27 = 108. What is the tens digit of b?
2
Suppose 3*y - 2 = -17. Let w = 23 + y. Suppose 4*c - 14 = w. What is the units digit of c?
8
Let n be ((-2)/(-3))/(6/27). Let a be n/9*(30 + 3). Suppose -2*c - 20 = -4*d + 2*c, -2*d - 5*c - a = 0. What is the units digit of d?
2
Suppose -x + c = -3*c - 38, -c - 4 = 0. Suppose -4*y - 3*k - 51 = 0, 43 = -2*y + 5*k - 2. Let t = x + y. What is the units digit of t?
7
Let y = 6 - 9. Let l be -3 + ((-6)/(-3) - y). Suppose l*d - 8 - 8 = 0. What is the units digit of d?
8
Let y(j) = j**2 - 5*j + 2. Let z be y(5). Suppose 10 = z*i + 4. Suppose i*o - 80 = -o. What is the units digit of o?
0
Suppose -4*l = -253 - 159. What is the hundreds digit of l?
1
Let v be (2/3)/((-2)/(-3)). Let k = v - -3. What is the units digit of ((-6)/9)/(k/(-18))?
3
Let k = 479 - 173. What is the units digit of k?
6
Let n(u) = 31*u + 2. Let q be n(4). Let a = q - 88. Suppose -4*b + 0*b + a = 2*c, 3*c - 15 = 0. What is the units digit of b?
7
Let u(v) = -2*v**2 - 2*v + 17. Let r(g) = g**2 + g - 8. Let t(h) = -5*r(h) - 3*u(h). Let l be t(0). Let k = l + 19. What is the units digit of k?
8
Suppose -4*o + 425 = o. What is the tens digit of o?
8
Suppose -6*i = i - 119. What is the units digit of i?
7
Suppose -8756 = -13*j - 9*j. What is the units digit of j?
8
Let u(n) = -n**3 + 14*n**2 - 21*n - 20. Let i(p) = p**3 - 15*p**2 + 20*p + 20. Let d(v) = -5*i(v) - 4*u(v). What is the tens digit of d(18)?
1
Let u(o) = 46*o - 18. What is the units digit of u(5)?
2
What is the tens digit of (0 - (4 - 27)) + -1?
2
Suppose t = 19 + 2. What is the units digit of 2/(-8) + t/4?
5
Let i(f) = -2*f**3 + 21*f**2 + 3*f + 22. What is the tens digit of i(9)?
9
Suppose -4*z - 5*p + 118 = 0, -10 = -2*z + 5*p + 64. What is the tens digit of z?
3
Suppose 3*v = -2*p - 10, 4*v - 25 = 5*p - 0*p. Let g = 39 - 7. Suppose -3*d = x - 4, 0 = -5*x - v*d - 3*d + g. What is the units digit of x?
7
Let h = 58 - 40. What is the units digit of h?
8
Let g(q) = q**3 - 13*q**2 + 7*q + 14. Let m be g(12). What is the units digit of (m/4)/(3/(-6))?
3
Suppose 19 = 3*l + 2*l - 3*f, 0 = 3*l - 3*f - 9. Suppose -z = 5, l*z + 88 = 2*r - 1. What is the units digit of r?
2
Suppose -4*h = -2*p - 20, -5 = -h - 0*p + 2*p. Suppose 0*u - 15 = -5*u. Suppose -h*s + k + 65 = 0, 52 = u*s + s - 4*k. What is the units digit of s?
3
Suppose 0 = -3*n - n. Suppose -8*p + 12*p -